18544.
688
Calculate the greatest common divisor of 88 and 1688.
8
Calculate the greatest common divisor of 54 and 173934.
54
Calculate the greatest common factor of 99 and 98703.
99
Calculate the greatest common factor of 910 and 6895.
35
What is the greatest common factor of 25200 and 160?
80
What is the greatest common divisor of 39788 and 308?
28
Calculate the greatest common divisor of 303 and 1672863.
303
Calculate the highest common factor of 45355 and 1880.
235
Calculate the highest common factor of 14 and 165060.
14
Calculate the greatest common factor of 85773 and 3.
3
What is the highest common divisor of 247 and 1015053?
13
What is the greatest common factor of 43766 and 1106?
158
Calculate the highest common divisor of 9 and 258.
3
Calculate the highest common divisor of 8769 and 237.
237
Calculate the highest common divisor of 7 and 351211.
7
What is the greatest common divisor of 10335 and 3900?
195
Calculate the highest common factor of 9510 and 30.
30
Calculate the highest common divisor of 24804 and 265.
53
What is the greatest common divisor of 484341 and 2145?
429
Calculate the greatest common divisor of 5522 and 44.
22
What is the greatest common divisor of 80 and 2192?
16
Calculate the greatest common divisor of 39 and 40989.
39
What is the highest common divisor of 382506 and 1110?
222
Calculate the greatest common factor of 962784 and 36.
36
What is the highest common divisor of 399 and 2779833?
399
Calculate the highest common factor of 64144 and 608.
304
Calculate the greatest common divisor of 578 and 12682.
34
Calculate the highest common divisor of 51391 and 102.
17
Calculate the greatest common factor of 128 and 488896.
64
Calculate the highest common factor of 1962 and 27904.
218
What is the greatest common factor of 14 and 54754?
14
What is the highest common factor of 164 and 117506?
82
Calculate the greatest common divisor of 13875 and 444.
111
Calculate the greatest common divisor of 61696 and 88206.
482
Calculate the highest common factor of 159 and 24539.
53
Calculate the greatest common divisor of 2162781 and 81.
81
What is the highest common divisor of 431018 and 238?
238
What is the greatest common divisor of 247 and 15713?
19
What is the greatest common factor of 2808 and 1352?
104
What is the greatest common divisor of 3549 and 60?
3
What is the greatest common divisor of 477378 and 132?
66
What is the greatest common divisor of 45428 and 328?
164
Calculate the greatest common divisor of 837 and 338985.
837
What is the highest common factor of 174 and 388774?
58
What is the highest common divisor of 4667 and 104?
13
Calculate the greatest common factor of 110066 and 1474.
22
Calculate the greatest common factor of 2144 and 8509.
67
What is the greatest common divisor of 6731 and 58039?
127
What is the highest common factor of 5990 and 320?
10
What is the highest common divisor of 9042 and 181662?
822
Calculate the highest common factor of 3919 and 2.
1
Calculate the highest common factor of 172 and 79636.
172
What is the highest common factor of 172698 and 17013?
321
Calculate the highest common divisor of 1098107 and 53.
53
What is the greatest common factor of 2184 and 1857?
3
What is the highest common divisor of 3798 and 54?
18
What is the greatest common factor of 850 and 23950?
50
What is the greatest common factor of 807 and 96571?
269
Calculate the highest common divisor of 22167 and 459.
27
Calculate the greatest common divisor of 30 and 469485.
15
What is the highest common factor of 1375 and 77?
11
Calculate the highest common divisor of 5267 and 15572.
229
What is the greatest common divisor of 3048 and 102?
6
What is the greatest common factor of 6779 and 10?
1
What is the highest common divisor of 9620 and 2035?
185
What is the greatest common divisor of 921482 and 423?
47
What is the highest common divisor of 1140706 and 5782?
826
Calculate the highest common factor of 270878 and 74834.
1054
Calculate the highest common divisor of 48 and 1184.
16
Calculate the greatest common divisor of 319957 and 34.
17
What is the highest common divisor of 145609 and 29?
29
Calculate the highest common divisor of 1581 and 36022.
31
What is the greatest common factor of 1263770 and 6450?
430
Calculate the highest common factor of 2116 and 3086186.
1058
Calculate the greatest common factor of 282 and 290272.
94
What is the highest common factor of 2852 and 2116?
92
Calculate the highest common factor of 12 and 294240.
12
Calculate the highest common divisor of 30 and 267408.
6
What is the highest common factor of 186998 and 37?
37
What is the greatest common factor of 1692 and 348176?
188
What is the highest common divisor of 583376 and 6060?
404
Calculate the highest common factor of 351 and 15951.
39
What is the greatest common factor of 16 and 1752?
8
What is the highest common divisor of 6960 and 1520?
80
Calculate the highest common factor of 238998 and 3111.
183
What is the greatest common factor of 210 and 220?
10
What is the greatest common divisor of 139748 and 248?
124
Calculate the greatest common divisor of 111251 and 23184.
161
Calculate the highest common factor of 24956 and 1360.
68
Calculate the highest common divisor of 176 and 932.
4
What is the greatest common divisor of 4444695 and 3870?
1935
What is the greatest common divisor of 126671 and 1286?
643
Calculate the highest common factor of 16214 and 2278.
134
Calculate the highest common factor of 57 and 447773.
19
What is the greatest common divisor of 4404 and 138?
6
Calculate the highest common factor of 1415 and 38771.
283
What is the greatest common divisor of 137 and 4471817?
137
Calculate the highest common factor of 14 and 1271270.
14
What is the highest common factor of 382 and 68187?
191
Calculate the greatest common factor of 2124 and 67024.
236
What is the highest common factor of 2431 and 365534?
221
Calculate the greatest common divisor of 375 and 63975.
75
What is the highest common factor of 1567819 and 11?
11
What is the highest common factor of 109234 and 14?
2
Calculate the greatest common divisor of 137509 and 8358.
199
What is the greatest common factor of 7 and 148162?
7
What is the highest common factor of 7638 and 50250?
402
What is the highest common factor of 24 and 312?
24
What is the highest common factor of 87 and 10026?
3
Calculate the highest common divisor of 62154 and 216.
54
Calculate the greatest common divisor of 312 and 183092.
52
What is the greatest common divisor of 1095 and 2715?
15
Calculate the greatest common divisor of 45308 and 37837.
241
Calculate the highest common divisor of 42064 and 159984.
176
What is the greatest common divisor of 5046183 and 1917?
639
What is the greatest common divisor of 72005 and 3?
1
What is the highest common divisor of 206660 and 20?
20
Calculate the highest common factor of 196573 and 325.
13
Calculate the greatest common factor of 85614 and 54.
6
What is the highest common factor of 59 and 20473?
59
What is the greatest common factor of 255 and 7?
1
What is the highest common divisor of 150 and 5200?
50
What is the highest common divisor of 2019878 and 539?
49
Calculate the greatest common divisor of 444 and 32138052.
444
What is the highest common divisor of 870 and 20271?
87
What is the greatest common factor of 6 and 1155?
3
Calculate the highest common factor of 24511 and 13208.
127
Calculate the greatest common factor of 630 and 3500.
70
What is the greatest common divisor of 37 and 1383689?
37
What is the greatest common divisor of 2184 and 25096?
8
Calculate the greatest common factor of 187733 and 182.
91
Calculate the highest common divisor of 1269936 and 720.
144
What is the greatest common factor of 172 and 8084?
172
Calculate the highest common divisor of 385 and 31634680.
385
Calculate the highest common factor of 35574 and 784.
98
Calculate the highest common factor of 5474 and 1078.
14
What is the greatest common divisor of 224 and 7000?
56
Calculate the greatest common factor of 39685 and 5.
5
Calculate the greatest common factor of 55523 and 52.
13
What is the highest common divisor of 553608 and 594?
594
Calculate the greatest common divisor of 414 and 628434.
18
What is the highest common factor of 40091 and 94?
47
What is the greate